*5/(-1). Suppose 54 + 126 = d*m. Suppose 0 = -3*n - 2*n + m. Is 5 a factor of n?
False
Let o(b) = -b**3 + 6*b**2 - 4*b - 3. Let i be o(5). Suppose 0 = 7*k - i*k - 10, 0 = -x - 3*k + 16. Is 3 a factor of x?
False
Let h(v) = -v**2 - 7*v + 6. Let g be h(-7). Suppose -5*p = -2*x - 127, -5*p = -g*x + 2*x - 119. Is p a multiple of 18?
False
Suppose 7*l = 3*a + 3*l - 7, -4*a + 2*l + 26 = 0. Suppose -y + 10 = -a. Does 14 divide y?
False
Let s = 49 - 22. Let r(o) = 3*o**2 - 17*o + 21. Let p be r(-15). Does 12 divide (-2)/9 + p/s?
False
Suppose -v + 2*y + 51 = 6*y, -2*y + 6 = 0. Does 13 divide v?
True
Suppose 8*f - 6*f - 6 = 0. Suppose 5*v = f*g + 84, -3*v - g = 2*v - 92. Does 9 divide v?
True
Let z = -221 - -323. Is z a multiple of 17?
True
Let r = -1 + 6. Suppose -2*f - 4*x + 30 = 0, -r*f + 69 = -2*x + 6*x. Let u = 31 - f. Is 9 a factor of u?
True
Let u(k) = k**2 + 6*k + 7. Let g be u(-5). Suppose 5*b - 221 = g*q, 3*b + 4*q + 46 = 189. Is 15 a factor of b?
True
Suppose 246 = 2*z - 3*n + 12, 5*z - 607 = 2*n. Is 41 a factor of z?
True
Let j(l) = 4*l**2 - 13*l + 3. Is 16 a factor of j(6)?
False
Let b(x) = x + 44. Let r be b(0). Suppose -2*d + r = 2*d + 4*p, 5*p = -4*d + 45. Suppose k + d = 41. Does 13 divide k?
False
Let c(f) = -38*f + 1. Let v be c(-1). Suppose v = q - 5. Is 12 a factor of q?
False
Let j(c) = c - 4. Suppose 12 = l + l. Let k be j(l). Suppose 2*w = k*y - y + 60, w = -3*y + 44. Is 11 a factor of w?
False
Let r(d) = 8*d - 3 + 5 - 1. Let q be r(2). Let h = q - 9. Is 4 a factor of h?
True
Let b(y) = 3*y**2 - 5*y - 4. Is b(-3) a multiple of 13?
False
Let g = 15 - 7. Is g a multiple of 2?
True
Is 32 a factor of (9/(-6))/(30/(-640))?
True
Let v(g) = -g**2 - 2*g. Let u be v(-2). Let k be (-1)/(-2)*(72 + u). Suppose i = 5, 2*i - 2 = 2*p - k. Is 14 a factor of p?
False
Suppose -5*c - 2*k = -0*k + 11, 0 = 5*c - 3*k - 4. Is (5/(10/(-74)))/c a multiple of 14?
False
Let p(u) = -u - 1. Let r be p(-3). Is ((-19*16)/(-2))/r a multiple of 31?
False
Is 23 a factor of 210 + (-4)/(20/15)?
True
Suppose -14 = -3*w + 1. Let n = 48 - 20. Suppose 2*l + w*j = 5*l - n, -l = -2*j - 10. Is 6 a factor of l?
True
Is 9 a factor of (-24)/20*(-15)/2?
True
Suppose -a - 2*h + 122 + 146 = 0, -4*a = 3*h - 1062. Suppose 0*b = -4*b + a. Is b a multiple of 14?
False
Is 16 a factor of (-1*2/5)/((-15)/600)?
True
Suppose 2*u - 16 = -2*o, -5*u - 2*o = o - 30. Suppose -u*g + 166 = -j - 4*j, 2*g + 4*j - 118 = 0. Is g a multiple of 19?
True
Let a(d) = d**3 + 7*d**2 + 7*d - 3. Let z be a(-6). Let t = 22 + z. Is 13 a factor of t?
True
Let n(r) = -r + 1. Suppose -4*v - 3*z = 22, -2*z - 17 = 3*v - 1. Let q be n(v). Let u(j) = 2*j + 3. Is 5 a factor of u(q)?
False
Let a(k) = 2 - 3 - 3 + 3*k. Is 14 a factor of a(6)?
True
Suppose 0*a - 3 = -a. Suppose -a*k - 3*p = -63, -4*k = -4*p - 56 + 4. Does 17 divide k?
True
Let v(t) = -t**2 + 7*t - 2. Let o be v(6). Suppose 2*j - 5*j = -15. Suppose 4*x + 14 = j*k - 197, -168 = -o*k + 3*x. Is k a multiple of 15?
False
Let p(l) = -9*l + 12. Is p(-22) a multiple of 42?
True
Let x = -82 + 74. Let m(s) = -26*s. Let a be m(-2). Let v = a + x. Is 15 a factor of v?
False
Let s(f) = 72*f - 41. Is s(3) a multiple of 24?
False
Suppose -2*k + 650 = 3*k. Is 26 a factor of k?
True
Let w(m) = m**3 - 8*m**2 - 7*m + 4. Is w(9) a multiple of 11?
True
Let o(c) = -4*c**2 + 7*c + 31. Let f(i) = -i**2 + 2*i + 8. Let s(p) = -9*f(p) + 2*o(p). Is s(8) a multiple of 19?
False
Let x = -17 + 11. Let m(r) = 7 + 3*r - 9*r - 7*r**2 - 1 - r**3. Is 2 a factor of m(x)?
True
Let t(r) = 2*r**3 - 4*r**2 + 3*r. Suppose 4*z - z = 6. Let p be t(z). Does 14 divide 4/p + 109/3?
False
Suppose r = 0, -3*r = -4*c + 6*c - 200. Is 21 a factor of c?
False
Let y be -1 - (-1)/(1/(-2)). Let n(d) = d**3 + 2*d**2 - 5*d - 2. Is n(y) even?
True
Suppose -2*u + 2 = -2*y - 4, 2*u = y + 8. Suppose 0 = -w + 3*i + 23, -w + u*i - i = -26. Is 3 a factor of w?
False
Let b(y) = -18*y + 6. Let a be b(6). Let j = 144 + a. Is 14 a factor of j?
True
Let c(y) = 5*y + 2. Let m = -3 + 5. Suppose -2*x = d - 12, m = -2*d + 10. Does 16 divide c(x)?
False
Let g = 18 - 15. Suppose -g*a + 189 = 4*s, -2*s + 2*a + a = -81. Is s a multiple of 15?
True
Let w(u) = 4*u**2 - 3*u**3 + u - 5 + u - 2*u**3 + 4*u**3. Let i be w(4). Does 5 divide i/((1/(-5))/(-1))?
True
Suppose 0 = -2*y + c + 189, 7*y - 2*y - 3*c = 471. Let p = 135 - y. Is 13 a factor of p?
True
Let q = 71 - 54. Is q a multiple of 8?
False
Suppose a + 2*b - 149 = 0, 0 = -2*a - 2*b - 3*b + 295. Suppose -15 = -5*h, -a = -4*y - 2*h - 45. Is y a multiple of 15?
False
Let l be (9/(-3))/((-6)/(-4)). Let w be (l - 1*-2) + 2. Suppose -w*x - 4*d = -x - 55, d = -3*x + 110. Does 13 divide x?
False
Let r be 341/5 + 2/(-10). Suppose -3*g + r = -2*t, -t + 4*t = 4*g - 90. Does 8 divide g?
True
Suppose -4*l - l = -170. Does 16 divide l?
False
Suppose -2*r - 2 = 2. Let h(k) = 10*k**2 - 3*k - 2. Does 28 divide h(r)?
False
Suppose 3*z - 7*z - 44 = 0. Let b = 1 - z. Does 2 divide b?
True
Let w = -8 - -2. Let j = w - -1. Does 13 divide (-1)/j + (-1290)/(-50)?
True
Let g be 1 + -1 + 4*10. Suppose 8*u = 3*u + g. Is 4 a factor of u?
True
Let n = -69 - -169. Is 25 a factor of n?
True
Suppose 5*t - 27 = -3*r + 43, 2*r = t - 27. Is t a multiple of 5?
False
Does 24 divide (54/(-21))/(9/(-1008))?
True
Suppose 0 = 3*g - 5*l - 122, 0 = 4*g + 2*l - 3*l - 140. Is 15 a factor of g?
False
Let w(f) = -f**2 + 6*f - 1. Let d be w(5). Suppose -2*p = -a - 77, -p + 31 = a - d*a. Let z = -10 + p. Does 11 divide z?
False
Suppose 2*a - 4*o - 444 = 0, 5*a - 222 = 4*a - 3*o. Is 30 a factor of a?
False
Let z be 10/4*(-1880)/(-50). Suppose 3*t + 6 = -3*v, v - 6*v + 3*t = -6. Suppose -4*i - 6*s = -4*s - z, 4*i - 2*s - 114 = v. Is 14 a factor of i?
False
Let s = -8 - -8. Suppose s = -n + 6*n - 40. Is 4 a factor of n?
True
Suppose -2*z = 3*z. Suppose -f - 5 + 53 = z. Suppose 5*s - 8 = l - 64, l - f = 3*s. Is 13 a factor of l?
False
Let n = 10 + -7. Suppose -18 = -n*f + 2*f + r, 2*r = 0. Is f a multiple of 9?
True
Suppose -5*q = -5*k - 0*q + 315, 3*q + 255 = 4*k. Does 3 divide k?
True
Let m(h) be the first derivative of -1 - 13*h + 1/4*h**4 - 10/3*h**3 + 7*h**2. Does 13 divide m(9)?
False
Suppose 0 = -l - 0*l + 238. Is 12 a factor of l/10 - (-10)/50?
True
Suppose 0 = -5*v + a + 8, 0*v = -4*v + 5*a - 2. Suppose v*q + 2*q - 44 = 0. Does 9 divide q?
False
Suppose -390 = 60*i - 63*i. Does 19 divide i?
False
Let d be 72 - (-3)/(12/4). Suppose -5*v + d + 37 = 0. Does 11 divide v?
True
Let y(w) = w**2 + 17*w + 2. Let s(g) = g**2 + 16*g + 3. Let b(j) = 4*s(j) - 3*y(j). Is b(-14) a multiple of 20?
True
Suppose 0 = -4*s + 8*s - 44. Suppose -s = -k - l, 0 = -7*l + 3*l - 16. Let z = -3 + k. Does 8 divide z?
False
Suppose -2 = -3*i + 4. Suppose -2*m + 16 = -4*f, 0 = -i*m + 5*m - 5*f - 20. Suppose 0 = 3*y - 5*v - 21 - 16, 3*y - 3*v - 27 = m. Does 2 divide y?
True
Let i(v) = -5*v - 7. Is i(-5) a multiple of 9?
True
Let a(s) be the first derivative of -s**2/2 - 6*s + 1. Let b be a(-6). Suppose 0 = l - 0*l + 5*m - 14, b = -3*l - m + 14. Is 4 a factor of l?
True
Let j(n) = -7*n - 19. Is 24 a factor of j(-13)?
True
Suppose 5*g - 11 = -m, -3*g - 2*g = 4*m + 1. Let j = m - -16. Does 6 divide j?
True
Suppose n - 4*k = -2*n - 7, 0 = 3*n - 3*k + 6. Let s = n - -4. Suppose -w + 22 = 3*z, 10 = 5*z - s*w - 2*w. Does 3 divide z?
True
Suppose -5*z - 3*p = -0*p + 39, 0 = z - 2*p + 13. Does 21 divide (-187)/(-9) - 2/z?
True
Let v(p) = 2*p**2 + 10*p + 5. Is 19 a factor of v(-7)?
False
Let g = 26 + -9. Suppose 0 = -3*o + 3*s + 2*s + g, 3 = 2*o + 5*s. Suppose -o*t + 105 = -3*f, t + 2*f + 2*f - 31 = 0. Is t a multiple of 14?
False
Suppose 4*a - 2*p - 16 = -6*p, a = p + 4. Suppose -5 = -y + 5*d, a*y + 3*d = 13 + 99. Suppose -3*q + 11 + y = 0. Is 8 a factor of q?
False
Suppose 4*x + h + 19 = 0, 0*x - 4*x = 4*h + 4. Let d(b) = -b**2 - 6*b - 3. Let k be d(x). Let n = k + 15. Is n a multiple of 7?
False
Let y = 20 + -17. Suppose c - y*c + 152 = 0. Is 28 a factor of c?
False
Is (-1)/3 - (4225/15)/(-5) a multiple of 19?
False
Let v(h) = 4*h**3 + 2*h**2 - 1. Let o be v(1). Suppose o*l + 0 = 65. Suppose -49 = -2*b - l. Is 9 a factor of b?
True
Suppose -4*v = 8 - 24. Suppose -v*f + f = -39. Does 11 divide f?
False
Suppose n - 4*n = -135. Does 15 divide n?
True
Suppo